33 + -48 + 26 - (15 - -7)?
-77
-62 + (203 - 50) + (14 - -1 - 6)
100
What is the value of -1 + -5 - (122 + 37 + -158)?
-7
Evaluate 31 + (-7 - -91) + -258.
-143
What is -15 + -37 + 48 + 32?
28
What is the value of 30 + 18 + 1 + 3 + -342 + 335?
45
(1 - 1 - -45) + (944 - 941)
48
Calculate -14 - (-36 - -20) - (6 + -3 - -23).
-24
What is -871 + 906 - (-6 + -25)?
66
What is -7 - (0 - 5 - 4) - (6 - -13)?
-17
(-3 - (6 - 30)) + (8 - ((4 - -2) + 4))
19
What is 13 - (-11 + 19) - (-7 + 9 + 55)?
-52
Calculate -12 + 28 + (11 - -1) + -18 + 15.
25
(70 - 107) + 126 - 90
-1
What is the value of -2 + (1 - 22) + (10483 - 10557)?
-97
What is the value of (-4 - -2 - 20) + (-3228 - -3239)?
-11
Evaluate -9 + (-35 - (-73 + 43) - (-1 + 12 + -1)).
-24
Evaluate -36 - (-22 - (-6 + -15 + 17)).
-18
Calculate 147 + -148 - (8 - (-6 - (-3 + -7 + 8))).
-13
Calculate (-7 - -14) + 3 + (154 - 32) + (-3 - 7).
122
What is (-34 - 1) + (-5 - (0 - (-5 - -8)) - 5)?
-42
What is 13 - (20 - (16 - 23)) - -6?
-8
Evaluate 14 - (16 - ((-17 - -3) + 12)).
-4
Calculate 0 - (2 - 38 - 2) - (-78 + 71).
45
Calculate -57 + 59 - ((2 - (6 - 2)) + 36).
-32
Calculate -27 - ((3 - 2 - 19) + -41).
32
What is 55 + 6 + (76 - 91)?
46
What is the value of -8 + (-147 + 139 - (-2 - 13))?
-1
Calculate -18 - (-58 + (157 - 64)).
-53
1 - 10 - (3 + -4 + -25 - 14)
31
-127 + 1 + 162 + -90
-54
(-19 - -99) + (-1 - (1 + 1)) + 3
80
What is -24 + (231 - 39 - 58)?
110
-31 - ((8 - 31) + -42 + -6)
40
(-9 + 2 + 0 - (-270 - -264)) + 99
98
Calculate (-1 - 7 - (-4 - -2)) + -82 + 50 + -7.
-45
What is the value of (13 - 5) + (-37 - -3 - 6 - (2 - 2))?
-32
What is the value of (-8 - -32) + (3 - -6 - 5) - 2?
26
36 - (-13 + (80 + -8 - 39))
16
What is -14 + -2 + 5 - (438 + -502)?
53
Calculate 116 - 128 - (-16 + (5 - 2)).
1
What is -30 - (-5 + 0 + 4 + -7 + 4)?
-26
Calculate 12 + (20 - 47) - (-3 - (-8 - 3)).
-23
What is -107 + -14 + 33 + -2 + 10 - -11?
-69
Evaluate (90 - 0 - (-678 + 727)) + 2.
43
What is the value of (26 - 54 - -11) + (-3 - -14) - -66?
60
What is the value of -20 - (-13 + (-8 - -20)) - -29?
10
Calculate -1 + 17 - (45 + -51 - (-17 + 0)) - 103.
-98
What is (2 - 9 - 5) + (58 - 27) + -37?
-18
What is -227 + 82 + 202 + -93?
-36
What is (-50 + -81 + 40 - (-21 - -4)) + -2 + -9?
-85
What is 42 - (73 - 28) - (6 + (-2 - -4))?
-11
What is the value of 63 + -39 - 67 - -106?
63
What is (-42 - 16) + (21 - (0 - -3))?
-40
Evaluate 14 - (7 + (24 - (4 + -111))) - -3.
-121
-101 + (72 - 23) - -21
-31
What is the value of 42 + -9 - 39 - (-3 + -13)?
10
What is 48 + (-14 - 51) + -47 + -37?
-101
(50 - 1) + (-174 - -126) + 72
73
What is the value of (12 - 19 - 7) + 7 + 11 + -9 + 105?
100
-70 + (57 - -23) + 0 + -7
3
-4 - (47 + -45 - (19 + -1)) - 74
-62
-94 - -44 - 18 - -49
-19
What is (-118 - -74) + 45 + -6 - (8 - 1)?
-12
Calculate 26417 + -26546 + (97 - 1).
-33
What is the value of -103 + (-40 - -10 - -45) + -31?
-119
(-155 - -3) + 29 - -79
-44
What is -1 - -40 - (-5 + -8 + (-7 - -18)) - 9?
32
What is the value of 12 + 14 + 10 - (-98 - -146)?
-12
Evaluate (2 - (1 + 31)) + (-4474 - -4500).
-4
What is (71 - 6 - 21 - 19) + (-31 - -11)?
5
What is the value of 38 + (3 - -5) + (24 - 16 - 6)?
48
Evaluate 73 - (9 + -8 + 1 + 11 + (-169 - -145)).
84
What is the value of -44 - (-37 + -13 + 81 + 3)?
-78
Evaluate 21 + -56 + 49 + -42 - 66.
-94
What is the value of -81 + (25 - 20) + (3 - (-1 + 0 + -2))?
-70
What is 4 + 0 + (3 - 16) - (-24 + (-21 - -15))?
21
Evaluate -19 + (16 - 8) + 4 + 0 + 6 + 58.
57
-21 + 19 + (102 - 22)
78
What is (-20 - 34) + 5 - -122?
73
Calculate 17 + -7 + -31 - (-22 + 0).
1
Evaluate -18 + -116 + 161 + (0 - -7).
34
-3 + 0 + 4 + (2 - 10) + (40 - 1)
32
What is (-2 + -20 + 2 - 2) + -94 + (202 - 114)?
-28
Evaluate 0 + 42 - (94 - 17).
-35
What is the value of -82 + -26 - (-13 + 24 + -30)?
-89
-3 + -26 - -1 - (30 + 0 + (-105 - -82))
-35
What is the value of (-1859 - -1871) + 3 + 19?
34
What is the value of -36 + (-11 - (11 - (0 - -17)) - -9)?
-32
Calculate (-1 - 80) + 187 + (231 - 405).
-68
476 - 473 - ((-2 - -3) + -3 + 9)
-4
What is the value of 11 - (44 + -3 + -5 - -3) - (4 - 1)?
-31
Calculate 4 - 10 - 4 - (42 + 4 + -26).
-30
Evaluate (-2 + -33 - (8 + (14 - 35))) + 21.
-1
Calculate (18 - 39 - (-1 - (12 + -1))) + 24.
15
Evaluate (495 - 500) + 2 + -4 + (2 - 45).
-50
Calculate (16 - (-1 - -7)) + (13 + -5 - 8 - 6).
4
Calculate -1 + -7 + (-10 - (-39 + 10)) + 46.
57
What is the value of -410 + 528 + (27 - 7)?
138
What is 4 + -35 - (-35 - -27) - 37?
-60
Evaluate -1 + (6 + -19 - (-34 + -25 - 17)).
62
Calculate (-15 - -1) + (-422 + 329 - -207).
100
-36 + -1 - ((17 - -5) + -7 - 16)
-36
Evaluate 53 - (17 - 79) - (29 + -5).
91
What is the value of (14 - 4) + (-57 - -11) - (49 - 31)?
-54
Calculate (-2 + 11 - -7 - 13 - (2 + -1)) + -17.
-15
What is the value of 43 + (-25 - 13) - -1?
6
-7 + 9 + 1 + 2 + 182 + -176
11
What is 25 + 1 - (6 - 27)?
47
5455 - 5457 - (1 + 28 + 1)
-32
10 - (16 - (5 + 52) - -22)
29
13 + (-33 - (-130 - -94))
16
-36 + 3 + (-1830 - -1960)
97
Evaluate (115 - 115) + 0 + -12 + 7 + -30.
-35
Evaluate -1 - 66 - ((-1 - 20) + -436 + 458).
-68
What is (0 - -12) + (-11 - ((-15 + 2 - -48) + 23))?
-57
Evaluate -81 + 112 + (-8 - -16 - 1) + -4 + 0.
34
Calculate -2 + (7 - ((-2 + -37 - 2) + (3 - 0))).
43
What is the value of -2 + -12 - (15 - (-131 + 103))?
-57
What is 4 - (16 - 3) - (9 + -2 + -1 + 4)?
-19
Evaluate (-135 - (-6 - -9)) + (-61 - (-157 - -73)).
-115
Evaluate -9 + (66 - ((-1 - -13) + (-21 + 32 - 18))).
52
77 + -57 + (-84 - -12 - 9)
-61
Calculate 14 + (-14 - -24) + -9.
15
Calculate -16 + 34 + (-2 - (-5 - (-4 + 1))).
18
(87 - 49 - 26) + (-32 - 4)
-24
What is the value of -47 - (285 - 371) - (-1 - 83)?
123
What is -10 + -1 + (-227 - -238 - (-15 + 3))?
12
Calculate (52 - (13 + 1 + 19)) + 0 + -13.
6
What is the value of 0 + -43 + 688 + -617?
28
What is the value of 31 + (15 - (1 + (-1 - -1)) - (2260 - 2250))?
35
Evaluate -1973 + 1994 - ((1 - -21) + 2).
-3
What is the value of 2 + -75 - (121 + (89 - 191))?
-92
What is the value of 42 + (-11 - (-11 + 2) - 9 - -2)?
33
Calculate 38 + -5 + 3 + -4 + 22 + -29.
25
-65 + 97 + -32 - -4
4
Calculate 454 + -446 + -4 + -6.
-2
What is the value of (2 + -69 - (-1 + -3)) + 86 + -80?
-57
-60 - ((52 - 54) + -30)
-28
Evaluate 33 - (-30 + 6 + 13) - 23.
21
(-72 - 1) + (-46 + 32 - (3 - -13 - 18))
-85
258 + -165 + -105 - (33 - (-1 - 0))
-46
What is 59 - -10 - 25 - (1 + 28)?
15
Evaluate 9 + -22 + 10 + 4 + 2 + -7.
-4
What is 3 + 1 - (11 + 0) - (50 - 17 - 14)?
-26
(-2 - -4) + -17 - (363 - 345)
-33
Evaluate (4 - 0 - -7) + 14 + -48 + 9.
-14
Evaluate -6 - -95 - ((-3 - -4) + 0 - (48 - 43)).
93
Evaluate (629 - 662) + 11 + (3 - 3).
-22
-106 - -49 - (37 + -46)
-48
Evaluate -610 + 615 + (1 - 25) + 48.
29
Evaluate 60 - (47 - (-14 + 51)).
50
-10 - (36 + -54 + (25 - 17))
0
What is the value of -9 + 0 + (48 + (38 - 12) + -17 - -2)?
50
What is the value of 78 - 61 - 55 - (-5 - ((11 - -5) + -6))?
-23
13 + (12 - ((-9 - 0 - -1) + -5))
38
Evaluate (-17 + -2 - 17 - -22) + 11 + -2.
-5
Calculate (-13 - (4 + -8 - (1 + -1))) + (-143 - -151).
-1
Calculate 27 + -47 + -28 + 2.
-46
-5 + 1 + (58 - (-19 + 20))
53
Evaluate 2 + (15 + -7 - -6) - (-17 - (-61 + 42)).
14
Evaluate 3910 + -3822 + 3 + 1 + 0.
92
-26 - (18 - (-41 - (-89 - -16)))
-12
Evaluate 5 - (-2 + (42 - -20)).
-55
What is the value of (30 - 6) + (-123 - -138)?
39
3 + -79 + (6 - -12) + (-21 - 0)
-79
What is -1259 + 1250 + (3 + -54 - 3)?
-63
What is 1439 + -1447 + (-35 + -2 - (-2 + 0))?
-43
Calculate -74 - (11 - 36) - (4 - (2 - -1) - 1).
-49
Calculate 1 + -19 - (45 - (-103 - -207)).
41
Calculate -36 - 0 - (8 - (10 + 2 - 8)).
-40
What is the value of 31 + (-31 - -8) - (3 - 15)?
20
Evaluate (7 - (1 + -13 - -34)) + 34 + -10 + 54.
63
What is the value of (61 - 96 - 60) + 56?
-39
Evaluate -885 + 847 + (-3 + -1 - 21).
-63
What is (-9 + 54 - -1) + -5 + 9 - 8?
42
Evaluate 3 - ((72 - 28) + -61 + 1 + 108).
-89
What is (3793 - 3746) + (-2 - (2 + 16))?
27
Evaluate 6 + 9 + -4 + (6 - (-2 - -13)) + -27.
-21
Evaluate 16 - (-78 - -52) - -4.
46
What is -2 + -2 - (17 - (0 + -17 - -74))?
36
Calculate (15 - 129) + (-11 + 3 + -4 - -3) + 9.
-114
(1 - 35) + (-1 - (26 + -11)) + 18
-32
What is (86 - (-4 + 3 - 3) - 2) + 80 + -87?
81
What is the value of 14 - ((-30 - -88) + -32)?
-12
What is the value of (38 - (28 + -16